s -4726 (base 8) in base 9?
-3407
What is 67 (base 14) in base 11?
83
435 (base 12) to base 5
4432
15a17 (base 12) to base 7
155620
What is -128 (base 16) in base 7?
-602
Convert -17 (base 16) to base 8.
-27
Convert 1358 (base 9) to base 12.
715
1170 (base 9) to base 12
609
43 (base 6) to base 11
25
What is 337 (base 8) in base 7?
436
What is -111011111001 (base 2) in base 4?
-323321
-331332 (base 4) to base 8
-7576
-221122 (base 3) to base 14
-376
What is 21300 (base 4) in base 5?
4444
What is 34201 (base 11) in base 6?
1021042
What is 169 (base 13) in base 11?
213
What is -110110101100111 (base 2) in base 13?
-c995
What is -5165 (base 8) in base 10?
-2677
Convert -11313 (base 4) to base 11.
-311
Convert 676 (base 14) to base 10.
1280
Convert -16531 (base 7) to base 8.
-11166
What is 85a (base 13) in base 4?
112103
What is 3367 (base 8) in base 4?
123313
Convert -779 (base 11) to base 16.
-3a5
What is -56a (base 15) in base 10?
-1225
What is -5701 (base 11) in base 13?
-3552
-11000011000001 (base 2) to base 13
-58b1
Convert -110 (base 7) to base 13.
-44
-21102202 (base 3) to base 9
-7382
Convert -32162 (base 12) to base 2.
-10000000101011010
-32113 (base 5) to base 15
-98d
2030 (base 5) to base 15
12a
-11414 (base 6) to base 3
-2021201
8283 (base 10) to base 5
231113
What is 1993 (base 11) in base 5?
40042
What is -46 (base 9) in base 2?
-101010
What is 1141 (base 6) in base 9?
337
What is 5724 (base 8) in base 9?
4134
What is 52401 (base 6) in base 11?
5336
Convert 100544 (base 6) to base 16.
1f30
-6a5b (base 14) to base 6
-221401
What is 1068 (base 16) in base 14?
1760
What is -1011123 (base 4) in base 12?
-26a3
Convert 51426 (base 8) to base 7.
116004
What is -1046 (base 12) in base 11?
-1380
-232010 (base 4) to base 5
-43243
20413 (base 7) to base 9
6774
What is 53533 (base 8) in base 9?
33607
-1213055 (base 6) to base 12
-3118b
What is 1077 (base 13) in base 2?
100011110111
3302132 (base 4) to base 7
63146
148b (base 13) to base 14
1136
-302043 (base 7) to base 3
-2121011000
Convert 2101110 (base 3) to base 10.
1740
13484 (base 10) to base 13
61a3
Convert -733 (base 15) to base 16.
-657
-2d0 (base 16) to base 9
-880
10101 (base 2) to base 8
25
What is 28 (base 10) in base 16?
1c
Convert -200 (base 3) to base 11.
-17
Convert -133a (base 11) to base 7.
-5031
Convert -2133 (base 6) to base 15.
-229
-1496 (base 11) to base 14
-9b2
Convert 123013 (base 4) to base 14.
8bd
What is -111111101010101 (base 2) in base 4?
-13331111
Convert -11842 (base 9) to base 5.
-223401
-3221 (base 6) to base 9
-1004
What is -2d9 (base 16) in base 9?
-1000
-1695 (base 15) to base 6
-34305
What is 104 (base 10) in base 11?
95
Convert d57 (base 16) to base 10.
3415
What is 22 (base 4) in base 11?
a
Convert -1a43 (base 12) to base 13.
-1608
What is 1536 (base 8) in base 12?
5ba
4243 (base 5) to base 6
2353
-25a (base 14) to base 15
-217
122212122 (base 3) to base 6
140155
2103323 (base 4) to base 9
13878
What is 232431 (base 5) in base 13?
3b32
Convert -a77 (base 14) to base 11.
-1608
What is -362 (base 9) in base 8?
-453
What is 1151 (base 13) in base 5?
34212
What is -614 (base 7) in base 6?
-1225
Convert 3519 (base 15) to base 16.
2c0a
16136 (base 11) to base 4
11210003
31 (base 16) to base 9
54
Convert -133260 (base 7) to base 2.
-110001001011011
-1114002 (base 5) to base 6
-232005
402b4 (base 12) to base 4
110112220
What is 378 (base 16) in base 11?
738
What is -35 (base 7) in base 11?
-24
Convert -145 (base 8) to base 14.
-73
Convert -640 (base 7) to base 12.
-22a
Convert -679 (base 11) to base 14.
-420
Convert -100043 (base 8) to base 13.
-11c14
Convert -21560 (base 9) to base 13.
-668a
Convert 640 (base 7) to base 12.
22a
What is 191 (base 15) in base 10?
361
Convert -59 (base 13) to base 4.
-1022
What is -23633 (base 8) in base 7?
-41363
Convert -3122444 (base 5) to base 4.
-30212220
Convert -20522 (base 6) to base 11.
-2103
Convert -5a2 (base 11) to base 6.
-3153
Convert 221022 (base 5) to base 6.
55205
1506 (base 10) to base 9
2053
What is a6e5 (base 15) in base 5?
2112230
-50 (base 13) to base 4
-1001
Convert 232013 (base 4) to base 9.
4038
What is -13233 (base 4) in base 2?
-111101111
Convert 190a (base 15) to base 2.
1010100100010
Convert 30103 (base 5) to base 7.
5356
Convert -6aab (base 15) to base 7.
-123032
-123a (base 11) to base 16
-650
Convert 101110111101 (base 2) to base 15.
d55
Convert 1342002 (base 5) to base 13.
c82a
What is -2350 (base 6) in base 10?
-570
Convert 4199 (base 12) to base 9.
10750
What is -1b694 (base 14) in base 6?
-1255350
Convert -1a3 (base 12) to base 9.
-326
Convert -2003 (base 10) to base 11.
-1561
What is -2010213 (base 4) in base 6?
-103143
-1120212022 (base 3) to base 7
-160046
5152 (base 16) to base 8
50522
-11221112 (base 3) to base 7
-13340
10000012201 (base 3) to base 7
334414
What is -1101010011100 (base 2) in base 16?
-1a9c
Convert 2312431 (base 5) to base 6.
520400
Convert -7b55 (base 16) to base 2.
-111101101010101
What is -111001011010110 (base 2) in base 16?
-72d6
103401 (base 5) to base 15
1101
12401 (base 6) to base 7
5314
1c4a (base 13) to base 10
4287
Convert -2517 (base 13) to base 5.
-132014
Convert 10002111 (base 3) to base 7.
6400
What is 2bab (base 13) in base 10?
6394
Convert -2ca2 (base 15) to base 5.
-301402
Convert 6567 (base 10) to base 15.
1e2c
What is 11545 (base 8) in base 2?
1001101100101
Convert 12343 (base 5) to base 9.
1301
Convert -4753 (base 11) to base 9.
-8481
-7724 (base 8) to base 15
-1302
Convert -7994 (base 11) to base 4.
-2210031
What is -8d3c (base 15) in base 5?
-1424412
Convert 4801 (base 9) to base 5.
103230
Convert 154 (base 15) to base 3.
102021
-13870 (base 12) to base 5
-1332111
What is 422123 (base 5) in base 9?
21227
Convert 27804 (base 11) to base 7.
223240
What is -2332 (base 5) in base 15?
-17c
What is -13541 (base 6) in base 14?
-ad7
What is -10001001011111 (base 2) in base 9?
-13056
-433 (base 6) to base 13
-c9
Convert -2be (base 15) to base 12.
-445
What is 1047 (base 10) in base 7?
3024
-20142 (base 5) to base 16
-511
2320 (base 6) to base 16
228
-364 (base 12) to base 7
-1324
Convert 112201022 (base 3) to base 7.
43163
What is -558 (base 9) in base 14?
-24a
What is -c0c0 (base 14) in base 8?
-100510
1413 (base 11) to base 3
2111202
Convert -1220 (base 6) to base 3.
-102010
Convert -13141 (base 5) to base 7.
-3023
869 (base 11) to base 4
100103
Convert -222 (base 10) to base 14.
-11c
What is -12211 (base 4) in base 2?
-110100101
1100001 (base 3) to base 7
2560
Convert -4a4 (base 11) to base 2.
-1001010110
Convert -210222201 (base 3) to base 5.
-1003110
-129a (base 14) to base 2
-110011001000
Convert 21140 (base 6) to base 14.
108c
110101011001110 (base 2) to base 12
139a6
Convert -54765 (base 10) to base 2.
-1101010111101101
1121c (base 15) to base 11
37a25
Convert 310 (base 6) to base 15.
79
What is 1311030 (base 4) in base 5?
220000
What is 7258 (base 11) in base 14?
3714
-1000111110 (base 2) to base 3
-210021
Convert -11397 (base 10) to base 4.
-2302011
What is -1228 (base 12) in base 15?
-918
What is 1034213 (base 6) in base 4?
30210201
5077 (base 9) to base 16
e83
2622 (base 7) to base 12
6b0
1502 (base 8) to base 7
2301
Convert 84 (base 9) to base 16.
4c
Convert b1b5 (base 12) to base 14.
705b
What is -24104 (base 5) in base 11?
-1378
Convert 2a60 (base 16) to base 2.
10101001100000
11226 (base 8) to base 12
2906
-139 (base 11) to base 6
-431
Convert -3348 (base 9) to base 3.
-10101122
What is 13242 (base 8) in base 12?
342a
-276 (base 16) to base 10
-630
-2326 (base 8) to base 5
-14423
What is 86 (base 14) in base 2?
1110110
Convert 4c9 (base 14) to base 6.
4241
Convert 4515 (base 6) to base 4.
100133
20a4 (base 11) to base 14
1024
1000121 (base 3) to base 2
1011101001
What is 22111211 (base 3) in base 2?
1100000111101
What is -1100210202 (base 3) in base 6?
-324115
What is -54 (base 8) in base 10?
-44
Convert 70335 (base 8) to base 7.
150144
What is -2302033 (base 4) in base 16?
-2c8f
1355 (base 6) to base 9
438
Convert -2010330 (base 4) to base 10.
-8508
Convert 41232 (base 6) to base 4.
1111310
What is 212000 (base 3) in base 14?
325
-444003 (base 5) to base 2
-11110010001111
-512 (base 9) to base 3
-120102
Convert 220112 (base 3) to base 5.
101